of t and b.
18
Suppose -a = 5*r - 2*a - 40, -4*r + a = -31. What is the highest common factor of 45 and r?
9
Let h(p) = -3*p**3 - 2*p**2 - p + 2. Let a be h(2). Let o be (22/(-4))/(4/a). Calculate the highest common divisor of o and 11.
11
Let y = 2 - 8. Let t(r) = -2*r - 6. Let f be t(y). Calculate the highest common divisor of f and 24.
6
Suppose 2*u = -u - k - 29, -5*u + 3*k = 53. Let q = -5 - u. Suppose 0 = -q*r - 16 + 396. Calculate the highest common factor of r and 19.
19
Suppose 0 = -5*l - 4*k + 24, 5*l - 11 = 2*k + 7. Suppose 0 = -6*a + l*a + 6. Suppose -15 = -3*o - a. What is the greatest common factor of 16 and o?
4
Suppose 2*f - 12 = -2*f. Suppose 3*k - 27 = -r, r - f*r = -5*k - 65. What is the highest common divisor of r and 20?
10
Let u be (0 - -10) + (0 - 0). What is the highest common factor of u and 10?
10
Let u = -1 + 8. Let m be -1 - (36/(-2))/(-2). Let p be (-4)/m + (-132)/(-20). What is the highest common divisor of p and u?
7
Let h = -11 - -27. Calculate the greatest common divisor of h and 24.
8
Let r be 1/3 + (-17)/(-3). Suppose 2*h = y + 88, -y + 218 = 5*h - 3*y. Calculate the greatest common divisor of r and h.
6
Let a(u) = u**3 - 7*u**2 - 13*u - 3. Let j(d) = d - 4. Let g be j(13). Let l be a(g). Calculate the greatest common divisor of 28 and l.
14
Let n(g) = g**3 + 3*g**2 - 5*g - 3. Let u be n(-3). Suppose 6*l = 2*l + 32. Suppose l = j - u. What is the highest common divisor of 5 and j?
5
Suppose -5*y + w + 111 + 30 = 0, 0 = 5*y + 4*w - 136. Calculate the highest common factor of 140 and y.
28
Suppose -7 = -h - 3. Suppose -5*k + 49 = 3*p, -4*k + 7*p - 3*p = -52. Let s be (-5)/(-20) + k/h. Calculate the greatest common divisor of s and 3.
3
Let b = 2 + -5. Let q = b - -6. Suppose 2*a - q*a = -6. What is the greatest common divisor of 12 and a?
6
Suppose 2*w = 5*g - 41 - 30, 0 = 3*g - 4*w - 37. What is the greatest common divisor of g and 3?
3
Let w(o) = o + 44. Let f be w(0). What is the highest common divisor of 11 and f?
11
Let y = -106 + 171. What is the greatest common factor of y and 13?
13
Let l(w) = 18*w**2 + 5*w + 3. Let c be l(3). Calculate the highest common factor of c and 36.
36
Suppose -24*j - 68 = -26*j. Calculate the highest common factor of j and 170.
34
Let y = -40 - -136. Calculate the greatest common divisor of 12 and y.
12
Let s be (-18)/(1 + (-55)/40). What is the greatest common divisor of 16 and s?
16
Suppose m - 5*v - 36 = -v, 0 = -5*m - 2*v + 290. Calculate the highest common factor of m and 504.
56
Let m(n) = 2*n - 2. Let t = 7 + -1. Let o be m(t). Suppose -s + 2 = -o. Calculate the greatest common divisor of 84 and s.
12
Let w = 63 - 0. What is the greatest common divisor of 7 and w?
7
Let i(h) = -h**2 - 7*h - 1. Let a be i(-5). Suppose 2*b + d - 6 - a = 0, 5*d + 42 = 3*b. What is the highest common divisor of b and 81?
9
Let z(l) = -14*l - 3. Let x(w) = -3*w**2 + 2*w - 1. Let m be x(1). Let j be z(m). What is the greatest common factor of j and 10?
5
Let v(o) be the first derivative of 9/2*o**2 + 1/3*o**3 + 12*o + 1. Let h be v(-9). What is the greatest common divisor of 18 and h?
6
Suppose 10 = r + 8. Calculate the greatest common factor of r and 2.
2
Let w be (-6)/(-45) - 28/(-15). What is the greatest common factor of 22 and w?
2
Let a(b) = b**3 - 5*b**2 + 6. Let k be a(8). What is the greatest common factor of k and 22?
22
Let h = 3 - -3. Let y(p) = -1. Let i(a) = -a**2 - 7. Let w(r) = -i(r) + 4*y(r). Let m be w(0). What is the highest common divisor of m and h?
3
Let r(m) be the third derivative of m**4/24 + 13*m**3/6 - 3*m**2. Let v be r(-9). Let h be (2/(-3))/(v/(-114)). Calculate the highest common factor of 95 and h.
19
Let l(x) = 3*x**3 - 3*x**2. Let j be l(2). Calculate the highest common divisor of 6 and j.
6
Let o be (-2)/(-10) + 1043/35. Let i be (-18)/3*5/(-3). What is the greatest common factor of i and o?
10
Suppose 6*w - 149 - 19 = 0. What is the greatest common factor of w and 56?
28
Let g = 118 + -38. What is the greatest common factor of g and 5?
5
Let r be (272/6)/(3/9). Suppose 4*l = 82 - 14. What is the greatest common factor of l and r?
17
Let w(l) = 2*l**2 - 4. Let x be w(3). Let o = 19 - x. What is the highest common divisor of o and 5?
5
Let s(x) = -x**3 - 2*x**2 + 2*x + 144. Let r be s(0). Let g = 11 + 7. What is the highest common divisor of g and r?
18
Let u = 5 - 1. What is the greatest common factor of u and 28?
4
Let o = -4 - -7. Suppose -5 = -7*a + 79. Calculate the highest common divisor of a and o.
3
Suppose 60 = -3*y + 306. Suppose n - 169 = -j - j, -j + 2*n + y = 0. What is the highest common divisor of 21 and j?
21
Let s be 4 + -8 + 3 - -76. Calculate the greatest common divisor of s and 15.
15
Let a(f) = f**2 - 2*f - 1. Let p be a(3). Suppose 0 = p*u + u. Suppose u = 4*r, -5*r = -2*b + b + 144. Calculate the highest common factor of b and 16.
16
Suppose -3*d + 152 = 2*g, 2*d + g - 201 = -2*d. What is the greatest common divisor of 10 and d?
10
Let p(s) = -6*s + 4. Let j be p(-5). Let y = j - 10. Suppose 6 = l + 4*n, -12 = -2*l - 0*l + 5*n. Calculate the greatest common factor of y and l.
6
Let o = 14 + 6. Calculate the highest common divisor of o and 20.
20
Suppose -3*f = 2*t - t, t - 3*f = 0. Suppose t = 4*p - 121 - 99. Calculate the highest common divisor of 11 and p.
11
Let n(t) = -2*t - 4. Suppose 0 = 2*f - 6*f - 28. Let k be n(f). Suppose -4*u - k = -38. What is the greatest common divisor of 49 and u?
7
Suppose 0 = 4*r - 0*r - 5*k - 689, 3*r - 3*k = 519. Suppose -r - 49 = -5*b. Calculate the greatest common divisor of b and 30.
15
Let d(i) = -i**3 + 7*i**2 + 2*i - 10. Let q be (-235)/(-35) - 4/(-14). Let n be d(q). What is the highest common factor of n and 1?
1
Let o = -35 - -40. Calculate the highest common factor of o and 45.
5
Suppose 5*x + 2*w - 4 = -w, 3*x = -3*w. Suppose 0*p = 4*p, x*z + 4*p = 6. Suppose 0*v = z*v - 90. Calculate the highest common factor of v and 6.
6
Let a be 117/6*4/3. Calculate the highest common factor of 13 and a.
13
Suppose -248 = -4*f - 56. What is the highest common factor of f and 16?
16
Let m(p) = -p**2 - 19*p - 62. Let t be m(-14). Calculate the greatest common factor of 56 and t.
8
Let f(t) = -t**2 - t - 60. Let m be f(0). Let o be m/9*15/(-2). Calculate the greatest common factor of o and 25.
25
Let m(j) = j**3 - j**2 - j - 1. Let b be m(2). What is the greatest common factor of 3 and b?
1
Suppose -2*r + 308 = 5*r. Suppose 15 = t - 6. Let a = 1 + t. Calculate the greatest common divisor of r and a.
22
Let j = -43 + 60. Let l be 2/7 + (-950)/(-7). What is the greatest common divisor of l and j?
17
Let j(c) = c**2 + 5*c - 5. Let o = -13 + 6. Let v be j(o). Let p be ((-15)/(-9))/((-2)/(-54)). Calculate the highest common factor of p and v.
9
Let a = 9 - 6. Suppose 198 = 4*c + 2*l - 354, -a*c + 5*l = -388. Suppose -224 - c = -5*t. Calculate the highest common factor of t and 9.
9
Let j = -21 - -13. Let k = 8 - j. Let z(b) = 78*b**2 + 4*b - 2. Let y be z(1). Calculate the highest common factor of y and k.
16
Suppose -28 = 2*i - 16. Let z(x) = -3*x - 7. Let n be z(i). Let b = 161 + -73. What is the greatest common factor of n and b?
11
Let g = 153 - 120. Calculate the highest common divisor of 55 and g.
11
Suppose 2*r = 6 + 4. Let s be 3 + -2 - (r + -28). Calculate the greatest common factor of s and 36.
12
Let h = -7 + 15. Suppose 0*b - b + 99 = 2*y, -99 = -b + 4*y. Suppose 3*n = b - 27. What is the highest common factor of n and h?
8
Suppose -4*f + 33 = -f. Let t(b) = 9*b + 4. Let y be t(13). Calculate the greatest common factor of f and y.
11
Suppose -3*h = -4*p - 2*h + 7, -5*p = -h - 9. Let b = -8 - -4. Let n be 6/b*(-12)/3. What is the highest common factor of n and p?
2
Let i be -9 + -2 + (-1)/1. Let y be 4/i - 7/(-3). Calculate the greatest common divisor of 2 and y.
2
Let b = 395 - 241. What is the highest common factor of b and 44?
22
Suppose -4*m + 18 = w, 5*m + 5*w - 24 = 3*w. Let q = 11 + -7. What is the greatest common divisor of m and q?
4
Suppose 4*m = -2*m + 228. What is the highest common factor of 342 and m?
38
Let h(f) = 20*f - 3. Let s be h(3). Calculate the highest common divisor of 38 and s.
19
Let t(n) = n + 4. Let a be t(4). Let r(s) = s**2 - 4. Let m be r(a). Calculate the greatest